{"id":14,"date":"2024-03-10T23:18:08","date_gmt":"2024-03-11T02:18:08","guid":{"rendered":"http:\/\/maquinasnico.com.br\/?page_id=14"},"modified":"2024-03-25T21:32:40","modified_gmt":"2024-03-26T00:32:40","slug":"quem-somos","status":"publish","type":"page","link":"https:\/\/maquinasnico.com.br\/index.php\/quem-somos\/","title":{"rendered":"Quem Somos"},"content":{"rendered":"\t<div id=\"gap-44340912\" class=\"gap-element clearfix\" style=\"display:block; height:auto;\">\n\t\t\n<style>\n#gap-44340912 {\n  padding-top: 30px;\n}\n<\/style>\n\t<\/div>\n\t\n<h2 style=\"text-align: center;\">Quem somos<\/h2>\n<div class=\"row\"  id=\"row-1992649352\">\n\n\t<div id=\"col-1596073519\" class=\"col medium-6 small-12 large-6\"  >\n\t\t\t\t<div class=\"col-inner\"  >\n\t\t\t\n\t\t\t\n\t<div id=\"gap-347609473\" class=\"gap-element clearfix\" style=\"display:block; height:auto;\">\n\t\t\n<style>\n#gap-347609473 {\n  padding-top: 14px;\n}\n<\/style>\n\t<\/div>\n\t\n\t<div class=\"img has-hover x md-x lg-x y md-y lg-y\" id=\"image_793016483\">\n\t\t\t\t\t\t\t\t<div class=\"img-inner dark\" >\n\t\t\t<img loading=\"lazy\" decoding=\"async\" width=\"1020\" height=\"638\" src=\"https:\/\/maquinasnico.com.br\/wp-content\/uploads\/2024\/03\/y0sh7bgar8n-1024x640.png\" class=\"attachment-large size-large\" alt=\"\" srcset=\"https:\/\/maquinasnico.com.br\/wp-content\/uploads\/2024\/03\/y0sh7bgar8n-1024x640.png 1024w, https:\/\/maquinasnico.com.br\/wp-content\/uploads\/2024\/03\/y0sh7bgar8n-300x187.png 300w, https:\/\/maquinasnico.com.br\/wp-content\/uploads\/2024\/03\/y0sh7bgar8n-768x480.png 768w, https:\/\/maquinasnico.com.br\/wp-content\/uploads\/2024\/03\/y0sh7bgar8n-1536x960.png 1536w, https:\/\/maquinasnico.com.br\/wp-content\/uploads\/2024\/03\/y0sh7bgar8n-2048x1280.png 2048w\" sizes=\"auto, (max-width: 1020px) 100vw, 1020px\" \/>\t\t\t\t\t\t\n\t\t\t\t\t<\/div>\n\t\t\t\t\t\t\t\t\n<style>\n#image_793016483 {\n  width: 100%;\n}\n<\/style>\n\t<\/div>\n\t\n\t\t<\/div>\n\t\t\t\t\t<\/div>\n\n\t\n\n\t<div id=\"col-1477876873\" class=\"col medium-6 small-12 large-6\"  >\n\t\t\t\t<div class=\"col-inner\"  >\n\t\t\t\n\t\t\t\n<p>Nico M\u00e1quinas, uma orgulhosa integrante do Grupo Vega junto com Beta M\u00e1quinas e Vega Filial, nos especializamos em impulsionar o crescimento e a efici\u00eancia da sua ind\u00fastria.<\/p>\n<p>Com uma trajet\u00f3ria robusta no mercado de m\u00e1quinas industriais, oferecemos n\u00e3o apenas uma vasta sele\u00e7\u00e3o de equipamentos de alta qualidade, mas tamb\u00e9m uma experi\u00eancia personalizada na compra, venda e intermedia\u00e7\u00e3o de m\u00e1quinas, pe\u00e7as, componentes e acess\u00f3rios.<\/p>\n<p>Nossa miss\u00e3o vai al\u00e9m de fornecer produtos; \u00e9 sobre criar parcerias duradouras e fornecer solu\u00e7\u00f5es que realmente fa\u00e7am a diferen\u00e7a no seu dia a dia industrial. Seja voc\u00ea um pequeno atelier ou uma grande manufatura, temos o conhecimento e a expertise para atender \u00e0s suas necessidades com solu\u00e7\u00f5es que integram tecnologia, efici\u00eancia e sustentabilidade.<\/p>\n\t\t<\/div>\n\t\t\t\t\t<\/div>\n\n\t\n<\/div>\n","protected":false},"excerpt":{"rendered":"<p>Quem somos<\/p>\n","protected":false},"author":1,"featured_media":0,"parent":0,"menu_order":0,"comment_status":"closed","ping_status":"closed","template":"page-blank.php","meta":{"footnotes":""},"class_list":["post-14","page","type-page","status-publish","hentry"],"_links":{"self":[{"href":"https:\/\/maquinasnico.com.br\/index.php\/wp-json\/wp\/v2\/pages\/14","targetHints":{"allow":["GET"]}}],"collection":[{"href":"https:\/\/maquinasnico.com.br\/index.php\/wp-json\/wp\/v2\/pages"}],"about":[{"href":"https:\/\/maquinasnico.com.br\/index.php\/wp-json\/wp\/v2\/types\/page"}],"author":[{"embeddable":true,"href":"https:\/\/maquinasnico.com.br\/index.php\/wp-json\/wp\/v2\/users\/1"}],"replies":[{"embeddable":true,"href":"https:\/\/maquinasnico.com.br\/index.php\/wp-json\/wp\/v2\/comments?post=14"}],"version-history":[{"count":12,"href":"https:\/\/maquinasnico.com.br\/index.php\/wp-json\/wp\/v2\/pages\/14\/revisions"}],"predecessor-version":[{"id":99,"href":"https:\/\/maquinasnico.com.br\/index.php\/wp-json\/wp\/v2\/pages\/14\/revisions\/99"}],"wp:attachment":[{"href":"https:\/\/maquinasnico.com.br\/index.php\/wp-json\/wp\/v2\/media?parent=14"}],"curies":[{"name":"wp","href":"https:\/\/api.w.org\/{rel}","templated":true}]}}